of 81 and t?
27
Let l(m) = -8 - 22*m**2 - 5*m + 2*m + 36*m**2 - 13*m**2. Let n be l(-4). Calculate the highest common factor of n and 130.
10
Let z(x) = 3*x**3 + 5*x**2 - 5*x - 5. Let l be z(-4). Let o = -58 - l. Suppose 302*h = 4593 + 3259. What is the highest common divisor of h and o?
13
Suppose 0 = -5*n - i + 19, -5*n + 3*i - 1 = -4. Let j be (n/(-6))/(4/416). Let w = -33 - j. What is the greatest common factor of 209 and w?
19
Let y = 20437 + -15091. What is the greatest common divisor of y and 44?
22
Let m be 16 + ((-12)/(-1) - 23). What is the highest common divisor of 545 and m?
5
Suppose -13*c = -16*c - 4*f + 299, 436 = 4*c - 4*f. What is the highest common divisor of 483 and c?
21
Suppose -20*o - 873 = -3*w - 17*o, -4*w - 3*o = -1136. What is the greatest common divisor of 49 and w?
7
Let t be (2 - 47960/(-5)) + -8 + 18 + -13. Calculate the highest common divisor of 69 and t.
69
Let a = 61 + -57. Suppose -5*k - 3*m = -138, -3*k = -k - 5*m - 80. Suppose -215 = -4*v - 4*b + b, -a*b - k = -v. What is the highest common divisor of v and 25?
25
Let l(a) = -15*a - 14. Let v be l(-4). Suppose 0 = 42*g - v*g + 128. Calculate the greatest common divisor of g and 224.
32
Let s(j) = -j**3 + 13*j**2 - 13*j + 17. Let c be s(12). Suppose -3*i - 6*o + 337 = -c*o, 0 = -i + o + 107. What is the highest common divisor of i and 37?
37
Suppose 41 + 29 = 5*g. Suppose -x + 3*x = g. Suppose 1682*j - 1676*j - 798 = 0. What is the greatest common divisor of j and x?
7
Suppose 2*f = -5*f. Suppose f = -2*w - 3*w + 130. Calculate the highest common divisor of 143 and w.
13
Let u = -561 + 951. Let n be (13 - (324/48 + 10))/((-33)/88). What is the greatest common divisor of u and n?
10
Let h = 10151 + -9136. What is the greatest common divisor of 70 and h?
35
Let m(c) = 1007*c - 9036. Let s be m(11). What is the greatest common factor of s and 143?
13
Suppose 10 = 3*j - 2*m - 13, 3*m = -3. Suppose 2*k - 16 - 138 = 0. Calculate the highest common factor of k and j.
7
Let b = -20633 + 21751. What is the greatest common divisor of 182 and b?
26
Suppose 39*v - 242*v + 34104 = 0. Let u be 6310/50 - (-3)/(-15). What is the greatest common divisor of v and u?
42
Suppose 2 - 11 = -3*j. Suppose -36 = 3*m - 33. Let a be (148/7)/1 - m/(-7). Calculate the highest common factor of j and a.
3
Let c(j) = 40*j**2 + 8*j + 1. Let m(u) = 6*u + 47. Let z be m(-8). Let g be c(z). What is the highest common divisor of g and 33?
33
Suppose 41 = -32*p + 361. Suppose 0*k - 10 = -p*k. Let a(j) = j - 1. Let m be a(4). What is the greatest common divisor of k and m?
1
Let p = 456 + -43. Let a = -391 + p. Calculate the greatest common factor of 286 and a.
22
Let i be (85/(-2))/(9/(-18)). Suppose -c + i = h + 3*c, -4*h + 321 = -3*c. Let s = -152 - -179. Calculate the greatest common factor of s and h.
27
Suppose 822*m - 39908 = 208*m - 293*m. Let f be (1 - (0 - 1))*22. Calculate the highest common divisor of f and m.
44
Let x = 60 + -193. Let b = x - -898. Calculate the highest common factor of b and 45.
45
Let p(r) = r**2 - r - 5. Let t be p(-4). Let d be 1078 + (4/(-7))/((-24)/84). Suppose 10*k - d = 2*k. Calculate the greatest common divisor of k and t.
15
Let w(a) = -4*a**2 - 42*a + 16. Let y be w(0). What is the highest common factor of 488 and y?
8
Suppose -3*t + 150 = 5*k - t, 4*k - t - 107 = 0. Let y = -41 + 45. What is the greatest common divisor of k and y?
4
Let i be 350/(-30)*(-2 - 3616/40). Calculate the greatest common divisor of i and 287.
7
Let k = 399 + -394. Suppose 0 = 3*r + 2*b - 14 - 17, -16 = -r + k*b. What is the highest common divisor of 275 and r?
11
Suppose 60*r - 70*r + 20 = 0. Suppose -r*q - 68 = -5*b, -19*q - 32 = -2*b - 23*q. Let m be 70 - ((0 - 0) + 0). What is the greatest common factor of m and b?
14
Let k(n) = -18*n + 39. Let q be (108/126)/(9/21). Let w be k(q). Calculate the greatest common factor of 75 and w.
3
Let a be (26/(-16))/13 + 32734/(-16). Let h be (22/33)/(2042/a + 1). Calculate the greatest common divisor of 31 and h.
31
Let a = -72 - -81. Suppose 3*k - a = 48. Suppose 64 = -17*l + k*l. What is the highest common divisor of 24 and l?
8
Suppose -2*a = -164 + 158. Suppose 2*w = 5*z - 78, z + a*z + 2*w = 48. Calculate the highest common divisor of z and 6.
2
Let b = -9903 + 10063. What is the highest common divisor of b and 280?
40
Let q be 70*(0 + 4/10). Suppose 2*p + 59 = -29. Let n = 184 + p. What is the highest common divisor of n and q?
28
Suppose 47*b - 42*b - 160 = 0. Let w be (-1)/(((-3)/b)/(63/28)). Let j = -57 - -81. Calculate the greatest common factor of j and w.
24
Let w be (3 + (-13)/4)*-32. Let v = 143 + -142. Calculate the greatest common divisor of w and v.
1
Let k be 2042/4 - (1/(-8))/((-102)/(-1224)). Calculate the highest common divisor of 8 and k.
8
Let x(p) = -6*p**2 + 151*p - 257. Let d be x(23). Let i(b) = 5*b**2 - b. Let y be i(-1). Calculate the greatest common factor of y and d.
6
Let s(q) be the second derivative of 5*q**4/12 - q**3/2 - 3*q**2 - 4*q. Let o be s(-2). Suppose -o = -6*a + 70. What is the greatest common divisor of a and 20?
5
Let j be (6/(-24))/(2*(-1)/24). Suppose -5*x - 3*s = s - 662, j*s = 2*x - 251. What is the highest common factor of x and 10?
10
Suppose -81 + 64 = -u. Suppose -t + 35 = u. What is the greatest common factor of t and 16?
2
Let j = 8993 - 4619. Calculate the greatest common divisor of j and 108.
54
Suppose -4*h + 256 = -62*a + 61*a, 2*a + 5*h = -486. Let s = 274 + a. What is the greatest common factor of 2 and s?
2
Let a(o) = -o**3 - 39*o**2 + 3*o + 142. Let k be a(-39). Suppose -1208 = -13*c - k. Calculate the greatest common divisor of 13 and c.
13
Let a(j) = -2*j**3 - 3*j**2 - 3*j - 16. Let t(r) = 2*r**3 + 10*r**2 + 8*r - 7. Let l be t(-4). Let h be a(l). What is the greatest common divisor of h and 32?
32
Let o(u) = -u**3 - 9*u**2 - 11*u - 6. Let z be o(-8). Let d be ((-147)/(-98))/(1/36). Calculate the greatest common divisor of d and z.
18
Suppose -8*n + 6 = -6*n. Suppose -4*c = -n*w + 68, w - 3*c - 21 = -0*c. Let l be (-42)/12*w/(-14). What is the greatest common divisor of l and 9?
3
Suppose 2*d = -3*k + 5*d - 171, -5*k - 245 = 3*d. Let u be (343/196)/((-1)/k). Calculate the highest common divisor of 52 and u.
13
Let o(v) = v**3 - 7*v**2 - 9*v + 10. Suppose -25 = 3*s - 49. Let w be o(s). What is the highest common factor of w and 34?
2
Let x be (336/(-1))/(16/896*-7). Calculate the greatest common factor of x and 189.
21
Suppose 4*i + 4*c + 8 = 28, i + 10 = 4*c. Let v = 2843 + -2835. Suppose i*h - h = v. What is the highest common factor of 48 and h?
8
Let k = 1 - -6. Let t = 10210 + -10207. What is the highest common divisor of k and t?
1
Let u = 22673 - 22647. Suppose -2*z = -z - 13. What is the highest common divisor of u and z?
13
Let u = -31 + 127. Let s(h) = 12*h**2 - 8*h + 8. Let r be s(1). Calculate the highest common factor of u and r.
12
Let a = 11311 + -11046. What is the greatest common divisor of a and 1643?
53
Suppose 0 = -3*w - a + 181, -w + 6*w - 4*a = 296. Let s = w - 55. Let u be (8/20)/((-1)/s) + 67. Calculate the greatest common factor of u and 26.
13
Let f be (-48)/200*-10*45. What is the greatest common divisor of f and 351?
27
Suppose 926*g = 908*g + 1170. Suppose 5*c = 3*h - 2165, 4*h = -4*c - 1577 + 4421. What is the greatest common factor of h and g?
65
Let p be (-152)/(-342) + (-64)/(-18). Suppose 14 = y - 4*v - 24, -p*v + 124 = 2*y. What is the greatest common divisor of 36 and y?
18
Suppose 5*q - 178 + 43 = -a, a + 81 = 3*q. Let n(i) = 5*i - 38. Let h be n(13). Calculate the highest common factor of q and h.
27
Let d be ((-368)/36 - -10)*(-8 + -1). Suppose 2 = -d*b + 12. Let t be 313/7 - (-2)/7. What is the greatest common factor of b and t?
5
Suppose -61*i - 4*q + 124 = -59*i, -4*i = q - 199. What is the greatest common divisor of 51 and i?
3
Suppose 9 = 3*v + 3. Suppose -v*b + 3*b = 27. Let s be 8*b*12/24. What is the highest common divisor of 27 and s?
27
Let o be (-4 - 2)*(7282/(-60) - 132/990). What is the highest common factor of 1971 and o?
27
Let i be (-3)/(-12)*8 + 15. Let a = 270 - i. Calculate the highest common factor of a and 22.
11
Suppose -24*r + 41*r = 12*r + 1235. What is the highest common factor of r and 3420?
19
Suppose -46 -